ert 73 (base 8) to base 2.
111011
What is a2 (base 15) in base 9?
178
What is -1 (base 15) in base 10?
-1
Convert -108 (base 9) to base 14.
-65
-1 (base 6) to base 2
-1
What is 0 (base 2) in base 12?
0
What is -2 (base 5) in base 7?
-2
What is 10 (base 2) in base 9?
2
Convert -44 (base 5) to base 7.
-33
What is 33 (base 16) in base 9?
56
Convert -26 (base 11) to base 5.
-103
What is -40 (base 5) in base 10?
-20
Convert 10110 (base 3) to base 7.
162
Convert -1b (base 14) to base 9.
-27
Convert 110000 (base 2) to base 14.
36
Convert -20 (base 12) to base 6.
-40
What is 2 (base 10) in base 8?
2
Convert 3 (base 13) to base 14.
3
-220 (base 3) to base 15
-19
-4 (base 12) to base 10
-4
331 (base 4) to base 7
115
What is 333 (base 6) in base 9?
153
Convert -1001 (base 2) to base 8.
-11
What is 0 (base 2) in base 6?
0
Convert -3033 (base 4) to base 15.
-dc
16 (base 7) to base 9
14
Convert -8b (base 14) to base 7.
-234
Convert -13 (base 12) to base 7.
-21
Convert 4 (base 14) to base 3.
11
-4 (base 16) to base 14
-4
Convert -be (base 15) to base 6.
-455
0 (base 7) to base 4
0
26 (base 8) to base 5
42
-202 (base 4) to base 16
-22
Convert -111010 (base 2) to base 3.
-2011
What is 64 (base 16) in base 14?
72
-65 (base 16) to base 11
-92
What is 1 (base 6) in base 10?
1
What is -2 (base 4) in base 8?
-2
What is -9 (base 14) in base 6?
-13
23 (base 6) to base 2
1111
What is 1 (base 3) in base 12?
1
Convert 2 (base 5) to base 9.
2
What is 142 (base 8) in base 15?
68
What is 5 (base 8) in base 15?
5
2 (base 6) to base 3
2
-15 (base 11) to base 7
-22
-1 (base 11) to base 5
-1
3e (base 15) to base 8
73
What is 133 (base 9) in base 7?
216
What is -13 (base 15) in base 6?
-30
-122 (base 6) to base 11
-46
What is -101 (base 5) in base 2?
-11010
Convert 8 (base 14) to base 9.
8
Convert -18 (base 14) to base 5.
-42
Convert 22 (base 7) to base 6.
24
-6 (base 7) to base 3
-20
-15 (base 7) to base 6
-20
Convert -110100 (base 3) to base 16.
-14d
1 (base 7) to base 14
1
Convert -10111 (base 2) to base 10.
-23
Convert 10 (base 3) to base 8.
3
Convert 46 (base 9) to base 7.
60
What is -6 (base 12) in base 2?
-110
2323 (base 4) to base 2
10111011
What is 5 (base 13) in base 4?
11
34 (base 13) to base 10
43
Convert -203 (base 6) to base 5.
-300
Convert 443 (base 8) to base 13.
195
What is -2 (base 4) in base 3?
-2
Convert -23 (base 7) to base 4.
-101
Convert 3 (base 5) to base 10.
3
-22 (base 3) to base 5
-13
33 (base 4) to base 11
14
What is 14 (base 10) in base 7?
20
Convert 10010 (base 2) to base 7.
24
Convert 10 (base 2) to base 12.
2
What is -2 (base 5) in base 10?
-2
-29 (base 12) to base 8
-41
Convert 3 (base 11) to base 8.
3
Convert 43 (base 5) to base 9.
25
6 (base 7) to base 9
6
Convert 100110 (base 2) to base 13.
2c
20 (base 5) to base 6
14
-6 (base 12) to base 7
-6
-3 (base 11) to base 12
-3
What is 12 (base 5) in base 6?
11
Convert 7 (base 13) to base 12.
7
Convert -4 (base 7) to base 12.
-4
What is -5 (base 15) in base 16?
-5
1 (base 7) to base 5
1
Convert 4 (base 9) to base 16.
4
What is 5c (base 14) in base 13?
64
What is 22 (base 9) in base 3?
202
What is 28 (base 11) in base 2?
11110
-3 (base 5) to base 3
-10
Convert -13 (base 4) to base 7.
-10
Convert 10 (base 15) to base 8.
17
Convert -103 (base 5) to base 3.
-1001
What is 7 (base 12) in base 4?
13
3 (base 10) to base 6
3
16 (base 9) to base 7
21
58 (base 15) to base 6
215
356 (base 7) to base 5
1223
Convert 10000110 (base 2) to base 3.
11222
Convert -6 (base 13) to base 2.
-110
Convert 131 (base 4) to base 11.
27
11110 (base 2) to base 13
24
What is 10 (base 3) in base 12?
3
-50 (base 6) to base 11
-28
-2 (base 5) to base 2
-10
What is 12 (base 9) in base 15?
b
What is 10 (base 3) in base 8?
3
-20011 (base 3) to base 10
-166
What is -6 (base 13) in base 8?
-6
Convert -83 (base 12) to base 8.
-143
What is 1 (base 12) in base 3?
1
What is -22 (base 4) in base 3?
-101
What is 2 (base 5) in base 3?
2
1 (base 6) to base 5
1
What is -1331 (base 4) in base 9?
-148
Convert 2 (base 9) to base 5.
2
What is -2 (base 10) in base 7?
-2
What is -2 (base 9) in base 3?
-2
5 (base 10) to base 4
11
What is -426 (base 7) in base 12?
-160
Convert 2114 (base 5) to base 16.
11c
What is 3102 (base 4) in base 14?
110
Convert -6 (base 10) to base 11.
-6
What is -1313 (base 5) in base 16?
-d0
21 (base 6) to base 4
31
What is 2 (base 9) in base 11?
2
Convert 1 (base 7) to base 13.
1
Convert -42 (base 11) to base 4.
-232
-6 (base 10) to base 12
-6
-1 (base 3) to base 14
-1
Convert -21a (base 13) to base 7.
-1024
What is 4 (base 8) in base 6?
4
29 (base 14) to base 8
45
What is -6 (base 15) in base 9?
-6
What is 11 (base 11) in base 14?
c
What is -b (base 12) in base 5?
-21
Convert -6 (base 12) to base 2.
-110
What is 131 (base 5) in base 4?
221
-1 (base 3) to base 7
-1
What is -12a (base 11) in base 3?
-12200
-1 (base 9) to base 12
-1
What is 15 (base 6) in base 11?
10
What is -3 (base 13) in base 3?
-10
Convert 10110 (base 2) to base 11.
20
What is 222 (base 3) in base 6?
42
Convert -8 (base 14) to base 7.
-11
What is b (base 15) in base 6?
15
-11 (base 11) to base 10
-12
Convert -81 (base 16) to base 5.
-1004
What is -1100 (base 2) in base 4?
-30
Convert 6 (base 16) to base 7.
6
-b (base 15) to base 14
-b
-17 (base 10) to base 9
-18
-1 (base 13) to base 9
-1
What is 1202 (base 3) in base 6?
115
What is 148 (base 9) in base 16?
7d
Convert -3 (base 15) to base 10.
-3
Convert -36 (base 12) to base 11.
-39
What is -14 (base 11) in base 2?
-1111
What is -159 (base 12) in base 8?
-325
Convert 1 (base 2) to base 8.
1
Convert -14 (base 9) to base 4.
-31
11000 (base 3) to base 8
154
Convert 1 (base 8) to base 13.
1
Convert -22 (base 6) to base 8.
-16
10 (base 5) to base 3
12
3 (base 9) to base 2
11
What is 112 (base 3) in base 11?
13
Convert -13 (base 16) to base 9.
-21
What is -8 (base 9) in base 11?
-8
What is 1 (base 7) in base 8?
1
Convert -1142 (base 5) to base 2.
-10101100
3 (base 5) to base 6
3
What is 21 (base 4) in base 15?
9
Convert 1 (base 3) to base 16.
1
9 (base 11) to base 16
9
What is 2 (base 14) in base 15?
2
4f (base 16) to base 11
72
What is -1102 (base 3) in base 9?
-42
20 (base 6) to base 13
c
Convert -206 (base 10) to base 14.
-10a
-107 (base 8) to base 2
-1000111
Convert -13 (base 8) to base 3.
-102
Convert 10 (base 14) to base 10.
14
What is -55 (base 12) in base 7?
-122
Convert 6 (base 11) to base 5.
11
What is -5 (base 15) in base 11?
-5
Convert -8 (base 9) to base 4.
-20
10 (base 14) to base 7
20
-7 (base 12) to base 5
-12
Convert -100 (base 5) to base 2.
-11001
133 (base 7) to base 6
201
What is 12 (base 16) in base 15?
13
100 (base 2) to base 15
4
Convert 1000 (base 2) to base 8.
10
What is 2122 (base 3) in base 12?
5b
Convert 137 (base 13) to base 14.
115
5 (base 9) to base 3
12
-a6 (base 14) to base 4
-2102
Convert 6c (base 16) to base 3.
11000
100010 (base 2) to base 7
46
Convert -15 (base 6) to base 15.
-b
233 (base 6) to base 4
1131
Convert 0 (base 14) to base 10.
0
Convert 240 (base 5) to base 2.
1000110
Convert 12 (base 3) to base 11.
5
111 (base 3) to base 2
1101
What is 101 (base 2) in base 10?
5
What is -154 (base 7) in base 16?
-58
Convert -31 (base 16) to base 13.
-3a
What is -1 (base 6) in base 13?
-1
12 (base 9) to base 12
b
-162 (base 10) to base 15
-ac
Convert 139 (base 10) to base 14.
9d
Convert 11 (base 14) to base 7.
21
Convert -201 (base 7) to base 14.
-71
Convert 100011 (base 2) to base 8.
43
Convert 30 (base 16) to base 9.
53
What is -104 (base 9) in base 14?
-61
Convert 3 (base 6) to base 14.
3
0 (base 12) to base 16
0
What is 40 (base 6) in base 4?
120
What is 1013 (base 4) in base 14?
51
Convert -15 (base 14) to base 4.
-103
Convert 3 (base 16) to base 2.
11
What is 5 (base 15) in base 8?
5
What is -9 (base 11) in base 9?
-10
31 (base 14) to base 5
133
Convert 12 (base 4) to base 13.
6
What is 3 (base 6) in base 3?
10
Convert -11 (base 8) to base 12.
-9
Convert 4 (base 14) to base 5.
4
7 (base 16) to base 9
7
0 (base 5) to base 16
0
Convert -3 (base 9) to base 12.
-3
182 (base 12) to base 10
242
What is -2 (base 3) in base 11?
-2
-a (base 11) to base 16
-a
What is -4 (base 5) in base 6?
-4
111 (base 12) to base 8
235
What is -6 (base 11) in base 7?
-6
What is 1 (base 7) in base 16?
